{"id":5986,"date":"2023-03-09T09:33:47","date_gmt":"2023-03-09T08:33:47","guid":{"rendered":"https:\/\/25anys.uic.es\/programme\/global-alumni-partners-meeting\/"},"modified":"2023-06-02T15:42:53","modified_gmt":"2023-06-02T13:42:53","slug":"global-alumni-partners-meeting","status":"publish","type":"page","link":"https:\/\/25anys.uic.es\/en\/programme\/global-alumni-partners-meeting\/","title":{"rendered":"Global Meeting UIC Barcelona"},"content":{"rendered":"\t\t<div data-elementor-type=\"wp-page\" data-elementor-id=\"5986\" class=\"elementor elementor-5986 elementor-5970\" data-elementor-post-type=\"page\">\n\t\t\t\t\t\t<section class=\"elementor-section elementor-top-section elementor-element elementor-element-c551b8e elementor-section-boxed elementor-section-height-default elementor-section-height-default parallax_section_no qode_elementor_container_no\" data-id=\"c551b8e\" data-element_type=\"section\" data-e-type=\"section\" data-settings=\"{&quot;background_background&quot;:&quot;classic&quot;}\">\n\t\t\t\t\t\t<div class=\"elementor-container elementor-column-gap-default\">\n\t\t\t\t\t<div class=\"elementor-column elementor-col-100 elementor-top-column elementor-element elementor-element-4c0b23b\" data-id=\"4c0b23b\" data-element_type=\"column\" data-e-type=\"column\">\n\t\t\t<div class=\"elementor-widget-wrap elementor-element-populated\">\n\t\t\t\t\t\t<div class=\"elementor-element elementor-element-61c20bd elementor-widget elementor-widget-heading\" data-id=\"61c20bd\" data-element_type=\"widget\" data-e-type=\"widget\" data-widget_type=\"heading.default\">\n\t\t\t\t<div class=\"elementor-widget-container\">\n\t\t\t\t\t<h2 class=\"elementor-heading-title elementor-size-default\">An event for former students and collaborators<\/h2>\t\t\t\t<\/div>\n\t\t\t\t<\/div>\n\t\t\t\t<div class=\"elementor-element elementor-element-fe1693a animated-fast elementor-hidden-mobile elementor-invisible elementor-widget elementor-widget-heading\" data-id=\"fe1693a\" data-element_type=\"widget\" data-e-type=\"widget\" data-settings=\"{&quot;_animation&quot;:&quot;slideInRight&quot;}\" data-widget_type=\"heading.default\">\n\t\t\t\t<div class=\"elementor-widget-container\">\n\t\t\t\t\t<h2 class=\"elementor-heading-title elementor-size-default\">We share experiences. We make connexions. We transmit values.<\/h2>\t\t\t\t<\/div>\n\t\t\t\t<\/div>\n\t\t\t\t<div class=\"elementor-element elementor-element-99bfd40 elementor-widget-divider--view-line elementor-widget elementor-widget-divider\" data-id=\"99bfd40\" data-element_type=\"widget\" data-e-type=\"widget\" data-widget_type=\"divider.default\">\n\t\t\t\t<div class=\"elementor-widget-container\">\n\t\t\t\t\t\t\t<div class=\"elementor-divider\">\n\t\t\t<span class=\"elementor-divider-separator\">\n\t\t\t\t\t\t<\/span>\n\t\t<\/div>\n\t\t\t\t\t\t<\/div>\n\t\t\t\t<\/div>\n\t\t\t\t<div class=\"elementor-element elementor-element-7658762 elementor-hidden-mobile elementor-widget elementor-widget-heading\" data-id=\"7658762\" data-element_type=\"widget\" data-e-type=\"widget\" data-widget_type=\"heading.default\">\n\t\t\t\t<div class=\"elementor-widget-container\">\n\t\t\t\t\t<h2 class=\"elementor-heading-title elementor-size-default\">Global Meeting UIC Barcelona<\/h2>\t\t\t\t<\/div>\n\t\t\t\t<\/div>\n\t\t\t\t<div class=\"elementor-element elementor-element-cec061f elementor-widget__width-auto elementor-hidden-widescreen elementor-hidden-desktop elementor-hidden-tablet elementor-widget elementor-widget-heading\" data-id=\"cec061f\" data-element_type=\"widget\" data-e-type=\"widget\" data-widget_type=\"heading.default\">\n\t\t\t\t<div class=\"elementor-widget-container\">\n\t\t\t\t\t<h2 class=\"elementor-heading-title elementor-size-default\">Global <br>Meeting<br>UIC BCN<\/h2>\t\t\t\t<\/div>\n\t\t\t\t<\/div>\n\t\t\t\t<div class=\"elementor-element elementor-element-ae966a8 elementor-widget elementor-widget-heading\" data-id=\"ae966a8\" data-element_type=\"widget\" data-e-type=\"widget\" data-widget_type=\"heading.default\">\n\t\t\t\t<div class=\"elementor-widget-container\">\n\t\t\t\t\t<h2 class=\"elementor-heading-title elementor-size-default\">21 June. 7 pm. Palau de la M\u00fasica Catalana.<\/h2>\t\t\t\t<\/div>\n\t\t\t\t<\/div>\n\t\t\t\t<div class=\"elementor-element elementor-element-6b5a33f elementor-widget elementor-widget-image\" data-id=\"6b5a33f\" data-element_type=\"widget\" data-e-type=\"widget\" data-widget_type=\"image.default\">\n\t\t\t\t<div class=\"elementor-widget-container\">\n\t\t\t\t\t\t\t\t\t\t\t\t\t\t\t<img fetchpriority=\"high\" decoding=\"async\" width=\"1024\" height=\"372\" src=\"https:\/\/25anys.uic.es\/wp-content\/uploads\/2023\/03\/UICB-25-Global-Alumni-and-Partners-Meeting_Web_2200x800-1024x372.jpg\" class=\"attachment-large size-large wp-image-6057\" alt=\"Global Alumni and Partners Meeting\" srcset=\"https:\/\/25anys.uic.es\/wp-content\/uploads\/2023\/03\/UICB-25-Global-Alumni-and-Partners-Meeting_Web_2200x800-1024x372.jpg 1024w, https:\/\/25anys.uic.es\/wp-content\/uploads\/2023\/03\/UICB-25-Global-Alumni-and-Partners-Meeting_Web_2200x800-300x109.jpg 300w, https:\/\/25anys.uic.es\/wp-content\/uploads\/2023\/03\/UICB-25-Global-Alumni-and-Partners-Meeting_Web_2200x800-768x279.jpg 768w, https:\/\/25anys.uic.es\/wp-content\/uploads\/2023\/03\/UICB-25-Global-Alumni-and-Partners-Meeting_Web_2200x800-1536x558.jpg 1536w, https:\/\/25anys.uic.es\/wp-content\/uploads\/2023\/03\/UICB-25-Global-Alumni-and-Partners-Meeting_Web_2200x800-700x254.jpg 700w, https:\/\/25anys.uic.es\/wp-content\/uploads\/2023\/03\/UICB-25-Global-Alumni-and-Partners-Meeting_Web_2200x800.jpg 1920w\" sizes=\"(max-width: 1024px) 100vw, 1024px\" \/>\t\t\t\t\t\t\t\t\t\t\t\t\t\t\t<\/div>\n\t\t\t\t<\/div>\n\t\t\t\t\t<\/div>\n\t\t<\/div>\n\t\t\t\t\t<\/div>\n\t\t<\/section>\n\t\t\t\t<section class=\"elementor-section elementor-top-section elementor-element elementor-element-63efa6c elementor-section-boxed elementor-section-height-default elementor-section-height-default parallax_section_no qode_elementor_container_no\" data-id=\"63efa6c\" data-element_type=\"section\" data-e-type=\"section\">\n\t\t\t\t\t\t<div class=\"elementor-container elementor-column-gap-default\">\n\t\t\t\t\t<div class=\"elementor-column elementor-col-100 elementor-top-column elementor-element elementor-element-3ea394e\" data-id=\"3ea394e\" data-element_type=\"column\" data-e-type=\"column\">\n\t\t\t<div class=\"elementor-widget-wrap elementor-element-populated\">\n\t\t\t\t\t\t<div class=\"elementor-element elementor-element-bd7345c elementor-widget elementor-widget-spacer\" data-id=\"bd7345c\" data-element_type=\"widget\" data-e-type=\"widget\" data-widget_type=\"spacer.default\">\n\t\t\t\t<div class=\"elementor-widget-container\">\n\t\t\t\t\t\t\t<div class=\"elementor-spacer\">\n\t\t\t<div class=\"elementor-spacer-inner\"><\/div>\n\t\t<\/div>\n\t\t\t\t\t\t<\/div>\n\t\t\t\t<\/div>\n\t\t\t\t<div class=\"elementor-element elementor-element-fbc884f elementor-widget__width-initial elementor-widget elementor-widget-text-editor\" data-id=\"fbc884f\" data-element_type=\"widget\" data-e-type=\"widget\" data-widget_type=\"text-editor.default\">\n\t\t\t\t<div class=\"elementor-widget-container\">\n\t\t\t\t\t\t\t\t\t<p>On the occasion of the 25th anniversary of UIC Barcelona, the <strong>Global Meeting UIC Barcelona<\/strong> will be held on <strong>21 June at 7pm<\/strong> at the al <strong>Palau de la M\u00fasica Catalana.<\/strong><\/p>\n<p><\/p>\n<p>It will be a <strong>very special meeting to celebrate the past 25 years<\/strong> with our collaborators, former students and the entire university community.<\/p>\n<p><\/p>\n<p>In addition, it will be a time to share experiences, make new connections and share those values that make our university unique.<\/p>\n<p><\/p>\n<h3>Programme<\/h3>\n<p><\/p>\n<p>Presentation of the event with Ramon Pellicer.<\/p>\n<p><\/p>\n<h4>6 p.m. &#8211; <strong>Accreditations<\/strong><\/h4>\n<p><\/p>\n<h4>6:45 p.m. &#8211; <strong>Doors close<\/strong><\/h4>\n<p><\/p>\n<h4>7 p.m. &#8211; <strong>Opening address<\/strong><\/h4>\n<ul>\n<li>Musical performances by scholarship holders Grupo Sifu Foundation<\/li>\n<li>Session &#8220;Artifical Intelligence, new challenges for the future&#8221;. <a style=\"color: #337ab7;\" href=\"https:\/\/www.linkedin.com\/in\/ramonlopezdemantaras\/\">Ram\u00f3n L\u00f3pez de M\u00e1ntaras<\/a>, pioneer in artificial intelligence in Spain, and <a style=\"color: #337ab7;\" href=\"https:\/\/www.linkedin.com\/in\/n%C3%BAria-ram%C3%ADrez-navarro-a745443a\/\">N\u00faria Ram\u00edrez<\/a>, presenter of RTVE and Alumni of the 2006 promotion of Journalism of UIC Barcelona.<\/li>\n<li>Alumni Awards and 25th Anniversary Acknowledgements<\/li>\n<li>Institutional speech<\/li>\n<\/ul>\n<p><a href=\"https:\/\/corporate.uic.es\/civicrm\/event\/register?reset=1&amp;id=5\" data-cke-saved-href=\"https:\/\/corporate.uic.es\/civicrm\/event\/register?reset=1&amp;id=5\">Registration for Alumni, partners and collaborators<\/a><\/p>\n<p><\/p>\n<p><a href=\"https:\/\/corporate.uic.es\/civicrm\/event\/register?reset=1&amp;id=8\" data-cke-saved-href=\"https:\/\/corporate.uic.es\/civicrm\/event\/register?reset=1&amp;id=8\">Registration for PAS, PDI and students<\/a><\/p>\n<p><\/p>\n<p>For more information contact <strong><a href=\"mailto:global25@uic.es\" data-cke-saved-href=\"mailto:global25@uic.es\">global25@uic.es<\/a><\/strong><\/p>\t\t\t\t\t\t\t\t<\/div>\n\t\t\t\t<\/div>\n\t\t\t\t\t<\/div>\n\t\t<\/div>\n\t\t\t\t\t<\/div>\n\t\t<\/section>\n\t\t\t\t<\/div>\n\t\t","protected":false},"excerpt":{"rendered":"<p>An event for former students and collaborators We share experiences. We make connexions. We transmit values. Global Meeting UIC Barcelona Global MeetingUIC BCN 21 June. 7 pm. Palau de la M\u00fasica Catalana. On the occasion of the 25th anniversary of UIC Barcelona, the Global Meeting&#8230;<\/p>\n","protected":false},"author":4,"featured_media":0,"parent":2315,"menu_order":2,"comment_status":"closed","ping_status":"closed","template":"full_width.php","meta":{"om_disable_all_campaigns":false,"_monsterinsights_skip_tracking":false,"_monsterinsights_sitenote_active":false,"_monsterinsights_sitenote_note":"","_monsterinsights_sitenote_category":0,"_uf_show_specific_survey":0,"_uf_disable_surveys":false,"footnotes":""},"class_list":["post-5986","page","type-page","status-publish","hentry"],"aioseo_notices":[],"_links":{"self":[{"href":"https:\/\/25anys.uic.es\/en\/wp-json\/wp\/v2\/pages\/5986","targetHints":{"allow":["GET"]}}],"collection":[{"href":"https:\/\/25anys.uic.es\/en\/wp-json\/wp\/v2\/pages"}],"about":[{"href":"https:\/\/25anys.uic.es\/en\/wp-json\/wp\/v2\/types\/page"}],"author":[{"embeddable":true,"href":"https:\/\/25anys.uic.es\/en\/wp-json\/wp\/v2\/users\/4"}],"replies":[{"embeddable":true,"href":"https:\/\/25anys.uic.es\/en\/wp-json\/wp\/v2\/comments?post=5986"}],"version-history":[{"count":28,"href":"https:\/\/25anys.uic.es\/en\/wp-json\/wp\/v2\/pages\/5986\/revisions"}],"predecessor-version":[{"id":7714,"href":"https:\/\/25anys.uic.es\/en\/wp-json\/wp\/v2\/pages\/5986\/revisions\/7714"}],"up":[{"embeddable":true,"href":"https:\/\/25anys.uic.es\/en\/wp-json\/wp\/v2\/pages\/2315"}],"wp:attachment":[{"href":"https:\/\/25anys.uic.es\/en\/wp-json\/wp\/v2\/media?parent=5986"}],"curies":[{"name":"wp","href":"https:\/\/api.w.org\/{rel}","templated":true}]}}

<div data-elementor-type="wp-page" data-elementor-id="5986" class="elementor elementor-5986 elementor-5970" data-elementor-post-type="page">
						<section class="elementor-section elementor-top-section elementor-element elementor-element-c551b8e elementor-section-boxed elementor-section-height-default elementor-section-height-default parallax_section_no qode_elementor_container_no" data-id="c551b8e" data-element_type="section" data-e-type="section" data-settings="{&quot;background_background&quot;:&quot;classic&quot;}">
						<div class="elementor-container elementor-column-gap-default">
					<div class="elementor-column elementor-col-100 elementor-top-column elementor-element elementor-element-4c0b23b" data-id="4c0b23b" data-element_type="column" data-e-type="column">
			<div class="elementor-widget-wrap elementor-element-populated">
						<div class="elementor-element elementor-element-61c20bd elementor-widget elementor-widget-heading" data-id="61c20bd" data-element_type="widget" data-e-type="widget" data-widget_type="heading.default">
				<div class="elementor-widget-container">
					<h2 class="elementor-heading-title elementor-size-default">An event for former students and collaborators</h2>				</div>
				</div>
				<div class="elementor-element elementor-element-fe1693a animated-fast elementor-hidden-mobile elementor-invisible elementor-widget elementor-widget-heading" data-id="fe1693a" data-element_type="widget" data-e-type="widget" data-settings="{&quot;_animation&quot;:&quot;slideInRight&quot;}" data-widget_type="heading.default">
				<div class="elementor-widget-container">
					<h2 class="elementor-heading-title elementor-size-default">We share experiences. We make connexions. We transmit values.</h2>				</div>
				</div>
				<div class="elementor-element elementor-element-99bfd40 elementor-widget-divider--view-line elementor-widget elementor-widget-divider" data-id="99bfd40" data-element_type="widget" data-e-type="widget" data-widget_type="divider.default">
				<div class="elementor-widget-container">
							<div class="elementor-divider">
			<span class="elementor-divider-separator">
						</span>
		</div>
						</div>
				</div>
				<div class="elementor-element elementor-element-7658762 elementor-hidden-mobile elementor-widget elementor-widget-heading" data-id="7658762" data-element_type="widget" data-e-type="widget" data-widget_type="heading.default">
				<div class="elementor-widget-container">
					<h2 class="elementor-heading-title elementor-size-default">Global Meeting UIC Barcelona</h2>				</div>
				</div>
				<div class="elementor-element elementor-element-cec061f elementor-widget__width-auto elementor-hidden-widescreen elementor-hidden-desktop elementor-hidden-tablet elementor-widget elementor-widget-heading" data-id="cec061f" data-element_type="widget" data-e-type="widget" data-widget_type="heading.default">
				<div class="elementor-widget-container">
					<h2 class="elementor-heading-title elementor-size-default">Global <br>Meeting<br>UIC BCN</h2>				</div>
				</div>
				<div class="elementor-element elementor-element-ae966a8 elementor-widget elementor-widget-heading" data-id="ae966a8" data-element_type="widget" data-e-type="widget" data-widget_type="heading.default">
				<div class="elementor-widget-container">
					<h2 class="elementor-heading-title elementor-size-default">21 June. 7 pm. Palau de la Música Catalana.</h2>				</div>
				</div>
				<div class="elementor-element elementor-element-6b5a33f elementor-widget elementor-widget-image" data-id="6b5a33f" data-element_type="widget" data-e-type="widget" data-widget_type="image.default">
				<div class="elementor-widget-container">
															<img fetchpriority="high" decoding="async" width="1024" height="372" src="https://25anys.uic.es/wp-content/uploads/2023/03/UICB-25-Global-Alumni-and-Partners-Meeting_Web_2200x800-1024x372.jpg" class="attachment-large size-large wp-image-6057" alt="Global Alumni and Partners Meeting" srcset="https://25anys.uic.es/wp-content/uploads/2023/03/UICB-25-Global-Alumni-and-Partners-Meeting_Web_2200x800-1024x372.jpg 1024w, https://25anys.uic.es/wp-content/uploads/2023/03/UICB-25-Global-Alumni-and-Partners-Meeting_Web_2200x800-300x109.jpg 300w, https://25anys.uic.es/wp-content/uploads/2023/03/UICB-25-Global-Alumni-and-Partners-Meeting_Web_2200x800-768x279.jpg 768w, https://25anys.uic.es/wp-content/uploads/2023/03/UICB-25-Global-Alumni-and-Partners-Meeting_Web_2200x800-1536x558.jpg 1536w, https://25anys.uic.es/wp-content/uploads/2023/03/UICB-25-Global-Alumni-and-Partners-Meeting_Web_2200x800-700x254.jpg 700w, https://25anys.uic.es/wp-content/uploads/2023/03/UICB-25-Global-Alumni-and-Partners-Meeting_Web_2200x800.jpg 1920w" sizes="(max-width: 1024px) 100vw, 1024px" />															</div>
				</div>
					</div>
		</div>
					</div>
		</section>
				<section class="elementor-section elementor-top-section elementor-element elementor-element-63efa6c elementor-section-boxed elementor-section-height-default elementor-section-height-default parallax_section_no qode_elementor_container_no" data-id="63efa6c" data-element_type="section" data-e-type="section">
						<div class="elementor-container elementor-column-gap-default">
					<div class="elementor-column elementor-col-100 elementor-top-column elementor-element elementor-element-3ea394e" data-id="3ea394e" data-element_type="column" data-e-type="column">
			<div class="elementor-widget-wrap elementor-element-populated">
						<div class="elementor-element elementor-element-bd7345c elementor-widget elementor-widget-spacer" data-id="bd7345c" data-element_type="widget" data-e-type="widget" data-widget_type="spacer.default">
				<div class="elementor-widget-container">
							<div class="elementor-spacer">
			<div class="elementor-spacer-inner"></div>
		</div>
						</div>
				</div>
				<div class="elementor-element elementor-element-fbc884f elementor-widget__width-initial elementor-widget elementor-widget-text-editor" data-id="fbc884f" data-element_type="widget" data-e-type="widget" data-widget_type="text-editor.default">
				<div class="elementor-widget-container">
									<p>On the occasion of the 25th anniversary of UIC Barcelona, the <strong>Global Meeting UIC Barcelona</strong> will be held on <strong>21 June at 7pm</strong> at the al <strong>Palau de la Música Catalana.</strong></p>
<p></p>
<p>It will be a <strong>very special meeting to celebrate the past 25 years</strong> with our collaborators, former students and the entire university community.</p>
<p></p>
<p>In addition, it will be a time to share experiences, make new connections and share those values that make our university unique.</p>
<p></p>
<h3>Programme</h3>
<p></p>
<p>Presentation of the event with Ramon Pellicer.</p>
<p></p>
<h4>6 p.m. &#8211; <strong>Accreditations</strong></h4>
<p></p>
<h4>6:45 p.m. &#8211; <strong>Doors close</strong></h4>
<p></p>
<h4>7 p.m. &#8211; <strong>Opening address</strong></h4>
<ul>
<li>Musical performances by scholarship holders Grupo Sifu Foundation</li>
<li>Session &#8220;Artifical Intelligence, new challenges for the future&#8221;. <a style="color: #337ab7;" href="https://www.linkedin.com/in/ramonlopezdemantaras/">Ramón López de Mántaras</a>, pioneer in artificial intelligence in Spain, and <a style="color: #337ab7;" href="https://www.linkedin.com/in/n%C3%BAria-ram%C3%ADrez-navarro-a745443a/">Núria Ramírez</a>, presenter of RTVE and Alumni of the 2006 promotion of Journalism of UIC Barcelona.</li>
<li>Alumni Awards and 25th Anniversary Acknowledgements</li>
<li>Institutional speech</li>
</ul>
<p><a href="https://corporate.uic.es/civicrm/event/register?reset=1&amp;id=5" data-cke-saved-href="https://corporate.uic.es/civicrm/event/register?reset=1&amp;id=5">Registration for Alumni, partners and collaborators</a></p>
<p></p>
<p><a href="https://corporate.uic.es/civicrm/event/register?reset=1&amp;id=8" data-cke-saved-href="https://corporate.uic.es/civicrm/event/register?reset=1&amp;id=8">Registration for PAS, PDI and students</a></p>
<p></p>
<p>For more information contact <strong><a href="mailto:global25@uic.es" data-cke-saved-href="mailto:global25@uic.es">global25@uic.es</a></strong></p>								</div>
				</div>
					</div>
		</div>
					</div>
		</section>
				</div>

<p>An event for former students and collaborators We share experiences. We make connexions. We transmit values. Global Meeting UIC Barcelona Global MeetingUIC BCN 21 June. 7 pm. Palau de la Música Catalana. On the occasion of the 25th anniversary of UIC Barcelona, the Global Meeting&#8230;</p>
