{"id":5984,"date":"2023-03-09T09:33:47","date_gmt":"2023-03-09T08:33:47","guid":{"rendered":"https:\/\/25anys.uic.es\/programacion\/global-alumni-partners-meeting\/"},"modified":"2023-06-19T12:25:28","modified_gmt":"2023-06-19T10:25:28","slug":"global-alumni-partners-meeting","status":"publish","type":"page","link":"https:\/\/25anys.uic.es\/es\/programacion\/global-alumni-partners-meeting\/","title":{"rendered":"Global Meeting UIC Barcelona"},"content":{"rendered":"\t\t<div data-elementor-type=\"wp-page\" data-elementor-id=\"5984\" class=\"elementor elementor-5984 elementor-5970\" data-elementor-post-type=\"page\">\n\t\t\t\t\t\t<section class=\"elementor-section elementor-top-section elementor-element elementor-element-c551b8e elementor-section-boxed elementor-section-height-default elementor-section-height-default parallax_section_no qode_elementor_container_no\" data-id=\"c551b8e\" data-element_type=\"section\" data-e-type=\"section\" data-settings=\"{&quot;background_background&quot;:&quot;classic&quot;}\">\n\t\t\t\t\t\t<div class=\"elementor-container elementor-column-gap-default\">\n\t\t\t\t\t<div class=\"elementor-column elementor-col-100 elementor-top-column elementor-element elementor-element-4c0b23b\" data-id=\"4c0b23b\" data-element_type=\"column\" data-e-type=\"column\">\n\t\t\t<div class=\"elementor-widget-wrap elementor-element-populated\">\n\t\t\t\t\t\t<div class=\"elementor-element elementor-element-61c20bd elementor-widget elementor-widget-heading\" data-id=\"61c20bd\" data-element_type=\"widget\" data-e-type=\"widget\" data-widget_type=\"heading.default\">\n\t\t\t\t<div class=\"elementor-widget-container\">\n\t\t\t\t\t<h2 class=\"elementor-heading-title elementor-size-default\">Encuentro de antiguos alumnos y colaboradores<\/h2>\t\t\t\t<\/div>\n\t\t\t\t<\/div>\n\t\t\t\t<div class=\"elementor-element elementor-element-fe1693a animated-fast elementor-hidden-mobile elementor-invisible elementor-widget elementor-widget-heading\" data-id=\"fe1693a\" data-element_type=\"widget\" data-e-type=\"widget\" data-settings=\"{&quot;_animation&quot;:&quot;slideInRight&quot;}\" data-widget_type=\"heading.default\">\n\t\t\t\t<div class=\"elementor-widget-container\">\n\t\t\t\t\t<h2 class=\"elementor-heading-title elementor-size-default\">Compartimos experiencias. Generamos conexiones. Transmitimos valores.<\/h2>\t\t\t\t<\/div>\n\t\t\t\t<\/div>\n\t\t\t\t<div class=\"elementor-element elementor-element-99bfd40 elementor-widget-divider--view-line elementor-widget elementor-widget-divider\" data-id=\"99bfd40\" data-element_type=\"widget\" data-e-type=\"widget\" data-widget_type=\"divider.default\">\n\t\t\t\t<div class=\"elementor-widget-container\">\n\t\t\t\t\t\t\t<div class=\"elementor-divider\">\n\t\t\t<span class=\"elementor-divider-separator\">\n\t\t\t\t\t\t<\/span>\n\t\t<\/div>\n\t\t\t\t\t\t<\/div>\n\t\t\t\t<\/div>\n\t\t\t\t<div class=\"elementor-element elementor-element-7658762 elementor-hidden-mobile elementor-widget elementor-widget-heading\" data-id=\"7658762\" data-element_type=\"widget\" data-e-type=\"widget\" data-widget_type=\"heading.default\">\n\t\t\t\t<div class=\"elementor-widget-container\">\n\t\t\t\t\t<h2 class=\"elementor-heading-title elementor-size-default\">Global Meeting UIC Barcelona<\/h2>\t\t\t\t<\/div>\n\t\t\t\t<\/div>\n\t\t\t\t<div class=\"elementor-element elementor-element-cec061f elementor-widget__width-auto elementor-hidden-widescreen elementor-hidden-desktop elementor-hidden-tablet elementor-widget elementor-widget-heading\" data-id=\"cec061f\" data-element_type=\"widget\" data-e-type=\"widget\" data-widget_type=\"heading.default\">\n\t\t\t\t<div class=\"elementor-widget-container\">\n\t\t\t\t\t<h2 class=\"elementor-heading-title elementor-size-default\">Global <br>Meeting<br>UIC BCN<\/h2>\t\t\t\t<\/div>\n\t\t\t\t<\/div>\n\t\t\t\t<div class=\"elementor-element elementor-element-ae966a8 elementor-widget elementor-widget-heading\" data-id=\"ae966a8\" data-element_type=\"widget\" data-e-type=\"widget\" data-widget_type=\"heading.default\">\n\t\t\t\t<div class=\"elementor-widget-container\">\n\t\t\t\t\t<h2 class=\"elementor-heading-title elementor-size-default\">21 de junio. 19 h. Palau de la M\u00fasica Catalana.<\/h2>\t\t\t\t<\/div>\n\t\t\t\t<\/div>\n\t\t\t\t<div class=\"elementor-element elementor-element-6b5a33f elementor-widget elementor-widget-image\" data-id=\"6b5a33f\" data-element_type=\"widget\" data-e-type=\"widget\" data-widget_type=\"image.default\">\n\t\t\t\t<div class=\"elementor-widget-container\">\n\t\t\t\t\t\t\t\t\t\t\t\t\t\t\t<img fetchpriority=\"high\" decoding=\"async\" width=\"1024\" height=\"372\" src=\"https:\/\/25anys.uic.es\/wp-content\/uploads\/2023\/03\/UICB-25-Global-Alumni-and-Partners-Meeting_Web_2200x800-1024x372.jpg\" class=\"attachment-large size-large wp-image-6058\" alt=\"Global Alumni and Partners Meeting\" srcset=\"https:\/\/25anys.uic.es\/wp-content\/uploads\/2023\/03\/UICB-25-Global-Alumni-and-Partners-Meeting_Web_2200x800-1024x372.jpg 1024w, https:\/\/25anys.uic.es\/wp-content\/uploads\/2023\/03\/UICB-25-Global-Alumni-and-Partners-Meeting_Web_2200x800-300x109.jpg 300w, https:\/\/25anys.uic.es\/wp-content\/uploads\/2023\/03\/UICB-25-Global-Alumni-and-Partners-Meeting_Web_2200x800-768x279.jpg 768w, https:\/\/25anys.uic.es\/wp-content\/uploads\/2023\/03\/UICB-25-Global-Alumni-and-Partners-Meeting_Web_2200x800-1536x558.jpg 1536w, https:\/\/25anys.uic.es\/wp-content\/uploads\/2023\/03\/UICB-25-Global-Alumni-and-Partners-Meeting_Web_2200x800-700x254.jpg 700w, https:\/\/25anys.uic.es\/wp-content\/uploads\/2023\/03\/UICB-25-Global-Alumni-and-Partners-Meeting_Web_2200x800.jpg 1920w\" sizes=\"(max-width: 1024px) 100vw, 1024px\" \/>\t\t\t\t\t\t\t\t\t\t\t\t\t\t\t<\/div>\n\t\t\t\t<\/div>\n\t\t\t\t\t<\/div>\n\t\t<\/div>\n\t\t\t\t\t<\/div>\n\t\t<\/section>\n\t\t\t\t<section class=\"elementor-section elementor-top-section elementor-element elementor-element-63efa6c elementor-section-boxed elementor-section-height-default elementor-section-height-default parallax_section_no qode_elementor_container_no\" data-id=\"63efa6c\" data-element_type=\"section\" data-e-type=\"section\">\n\t\t\t\t\t\t<div class=\"elementor-container elementor-column-gap-default\">\n\t\t\t\t\t<div class=\"elementor-column elementor-col-100 elementor-top-column elementor-element elementor-element-3ea394e\" data-id=\"3ea394e\" data-element_type=\"column\" data-e-type=\"column\">\n\t\t\t<div class=\"elementor-widget-wrap elementor-element-populated\">\n\t\t\t\t\t\t<div class=\"elementor-element elementor-element-bd7345c elementor-widget elementor-widget-spacer\" data-id=\"bd7345c\" data-element_type=\"widget\" data-e-type=\"widget\" data-widget_type=\"spacer.default\">\n\t\t\t\t<div class=\"elementor-widget-container\">\n\t\t\t\t\t\t\t<div class=\"elementor-spacer\">\n\t\t\t<div class=\"elementor-spacer-inner\"><\/div>\n\t\t<\/div>\n\t\t\t\t\t\t<\/div>\n\t\t\t\t<\/div>\n\t\t\t\t<div class=\"elementor-element elementor-element-fbc884f elementor-widget__width-initial elementor-widget elementor-widget-text-editor\" data-id=\"fbc884f\" data-element_type=\"widget\" data-e-type=\"widget\" data-widget_type=\"text-editor.default\">\n\t\t\t\t<div class=\"elementor-widget-container\">\n\t\t\t\t\t\t\t\t\t<p>Con motivo del 25.\u00ba aniversario de UIC Barcelona, se celebrar\u00e1 el <strong>Global Meeting UIC Barcelona<\/strong> el <strong>21 de junio a las 19 h<\/strong> en el <strong>Palau de la M\u00fasica Catalana.<\/strong><\/p>\n<p><\/p>\n<p>Ser\u00e1 <strong>un encuentro muy especial para celebrar estos 25 a\u00f1os<\/strong> con nuestros Antiguos Alumnos y Colaboradores, y con toda la Comunidad Universitaria.<\/p>\n<p><\/p>\n<p>Adem\u00e1s, ser\u00e1 un momento para compartir experiencias, generar nuevas conexiones y poner en com\u00fan esos valores que hacen \u00fanica nuestra comunidad.<\/p>\n<p><\/p>\n<h3>Programa<\/h3>\n<p><\/p>\n<p>Presenta el acto Ramon Pellicer.<\/p>\n<p><\/p>\n<h4>18 h &#8211; <strong>Acreditaciones<\/strong><\/h4>\n<p><\/p>\n<h4>18:45 h &#8211; <strong>Cierre de puertas<\/strong><\/h4>\n<p><\/p>\n<h4>19 h &#8211; <strong>Apertura del acto<\/strong><\/h4>\n<ul>\n<li>Actuaciones musicales becados Fundaci\u00f3n Grupo Sifu<\/li>\n<li>Sesi\u00f3n \u201cLa Inteligencia Artificial, nuevos retos de futuro\u201d. <a style=\"color: #337ab7;\" href=\"https:\/\/www.linkedin.com\/in\/ramonlopezdemantaras\/\">Ram\u00f3n L\u00f3pez de M\u00e1ntaras<\/a>, pionero en inteligencia artificial en Espa\u00f1a, y <a style=\"color: #337ab7;\" href=\"https:\/\/www.linkedin.com\/in\/n%C3%BAria-ram%C3%ADrez-navarro-a745443a\/\">N\u00faria Ram\u00edrez<\/a>, presentadora de RTVE y Alumni de la promoci\u00f3n de 2006 de Periodismo de UIC Barcelona.<\/li>\n<li>Premios Alumni y Reconocimientos 25 aniversario<\/li>\n<li>Discurso institucional<\/li>\n<\/ul>\n<p><a href=\"https:\/\/corporate.uic.es\/civicrm\/event\/register?reset=1&amp;id=5\" data-cke-saved-href=\"https:\/\/corporate.uic.es\/civicrm\/event\/register?reset=1&amp;id=5\">Inscripciones para Alumni, partners y colaboradores<\/a><\/p>\n<p><\/p>\n<p><a href=\"https:\/\/corporate.uic.es\/civicrm\/event\/register?reset=1&amp;id=8\" data-cke-saved-href=\"https:\/\/corporate.uic.es\/civicrm\/event\/register?reset=1&amp;id=8\">Inscripciones para PAS, PDI y alumnos<\/a><\/p>\n<p><\/p>\n<p>Para m\u00e1s informaci\u00f3n escribir a <strong><a href=\"mailto:global25@uic.es\" data-cke-saved-href=\"mailto:global25@uic.es\">global25@uic.es<\/a><\/strong><\/p>\t\t\t\t\t\t\t\t<\/div>\n\t\t\t\t<\/div>\n\t\t\t\t\t<\/div>\n\t\t<\/div>\n\t\t\t\t\t<\/div>\n\t\t<\/section>\n\t\t\t\t<section class=\"elementor-section elementor-top-section elementor-element elementor-element-53b35c6 elementor-section-boxed elementor-section-height-default elementor-section-height-default parallax_section_no qode_elementor_container_no\" data-id=\"53b35c6\" data-element_type=\"section\" data-e-type=\"section\">\n\t\t\t\t\t\t<div class=\"elementor-container elementor-column-gap-default\">\n\t\t\t\t\t<div class=\"elementor-column elementor-col-100 elementor-top-column elementor-element elementor-element-4aefa1e\" data-id=\"4aefa1e\" data-element_type=\"column\" data-e-type=\"column\">\n\t\t\t<div class=\"elementor-widget-wrap elementor-element-populated\">\n\t\t\t\t\t\t<div class=\"elementor-element elementor-element-f28ed50 elementor-widget elementor-widget-image\" data-id=\"f28ed50\" data-element_type=\"widget\" data-e-type=\"widget\" data-widget_type=\"image.default\">\n\t\t\t\t<div class=\"elementor-widget-container\">\n\t\t\t\t\t\t\t\t\t\t\t\t\t\t\t<img decoding=\"async\" src=\"https:\/\/25anys.uic.es\/wp-content\/uploads\/elementor\/thumbs\/UICB-25-Global-Meeting_faldo-de-logotips_CAST-qpzgspzv2q4ly9pgrfplo838ob0z0b7uoc9f0hnb6q.jpg\" title=\"UICB-25 Global Meeting_faldo\u0301 de logotips_CAST\" alt=\"UICB-25 Global Meeting_faldo\u0301 de logotips_CAST\" loading=\"lazy\" \/>\t\t\t\t\t\t\t\t\t\t\t\t\t\t\t<\/div>\n\t\t\t\t<\/div>\n\t\t\t\t\t<\/div>\n\t\t<\/div>\n\t\t\t\t\t<\/div>\n\t\t<\/section>\n\t\t\t\t<\/div>\n\t\t","protected":false},"excerpt":{"rendered":"<p>Encuentro de antiguos alumnos y colaboradores Compartimos experiencias. Generamos conexiones. Transmitimos valores. Global Meeting UIC Barcelona Global MeetingUIC BCN 21 de junio. 19 h. Palau de la M\u00fasica Catalana. Con motivo del 25.\u00ba aniversario de UIC Barcelona, se celebrar\u00e1 el Global Meeting UIC Barcelona el&#8230;<\/p>\n","protected":false},"author":4,"featured_media":0,"parent":2246,"menu_order":2,"comment_status":"closed","ping_status":"closed","template":"full_width.php","meta":{"om_disable_all_campaigns":false,"_monsterinsights_skip_tracking":false,"_monsterinsights_sitenote_active":false,"_monsterinsights_sitenote_note":"","_monsterinsights_sitenote_category":0,"_uf_show_specific_survey":0,"_uf_disable_surveys":false,"footnotes":""},"class_list":["post-5984","page","type-page","status-publish","hentry"],"aioseo_notices":[],"_links":{"self":[{"href":"https:\/\/25anys.uic.es\/es\/wp-json\/wp\/v2\/pages\/5984","targetHints":{"allow":["GET"]}}],"collection":[{"href":"https:\/\/25anys.uic.es\/es\/wp-json\/wp\/v2\/pages"}],"about":[{"href":"https:\/\/25anys.uic.es\/es\/wp-json\/wp\/v2\/types\/page"}],"author":[{"embeddable":true,"href":"https:\/\/25anys.uic.es\/es\/wp-json\/wp\/v2\/users\/4"}],"replies":[{"embeddable":true,"href":"https:\/\/25anys.uic.es\/es\/wp-json\/wp\/v2\/comments?post=5984"}],"version-history":[{"count":34,"href":"https:\/\/25anys.uic.es\/es\/wp-json\/wp\/v2\/pages\/5984\/revisions"}],"predecessor-version":[{"id":8441,"href":"https:\/\/25anys.uic.es\/es\/wp-json\/wp\/v2\/pages\/5984\/revisions\/8441"}],"up":[{"embeddable":true,"href":"https:\/\/25anys.uic.es\/es\/wp-json\/wp\/v2\/pages\/2246"}],"wp:attachment":[{"href":"https:\/\/25anys.uic.es\/es\/wp-json\/wp\/v2\/media?parent=5984"}],"curies":[{"name":"wp","href":"https:\/\/api.w.org\/{rel}","templated":true}]}}

<div data-elementor-type="wp-page" data-elementor-id="5984" class="elementor elementor-5984 elementor-5970" data-elementor-post-type="page">
						<section class="elementor-section elementor-top-section elementor-element elementor-element-c551b8e elementor-section-boxed elementor-section-height-default elementor-section-height-default parallax_section_no qode_elementor_container_no" data-id="c551b8e" data-element_type="section" data-e-type="section" data-settings="{&quot;background_background&quot;:&quot;classic&quot;}">
						<div class="elementor-container elementor-column-gap-default">
					<div class="elementor-column elementor-col-100 elementor-top-column elementor-element elementor-element-4c0b23b" data-id="4c0b23b" data-element_type="column" data-e-type="column">
			<div class="elementor-widget-wrap elementor-element-populated">
						<div class="elementor-element elementor-element-61c20bd elementor-widget elementor-widget-heading" data-id="61c20bd" data-element_type="widget" data-e-type="widget" data-widget_type="heading.default">
				<div class="elementor-widget-container">
					<h2 class="elementor-heading-title elementor-size-default">Encuentro de antiguos alumnos y colaboradores</h2>				</div>
				</div>
				<div class="elementor-element elementor-element-fe1693a animated-fast elementor-hidden-mobile elementor-invisible elementor-widget elementor-widget-heading" data-id="fe1693a" data-element_type="widget" data-e-type="widget" data-settings="{&quot;_animation&quot;:&quot;slideInRight&quot;}" data-widget_type="heading.default">
				<div class="elementor-widget-container">
					<h2 class="elementor-heading-title elementor-size-default">Compartimos experiencias. Generamos conexiones. Transmitimos valores.</h2>				</div>
				</div>
				<div class="elementor-element elementor-element-99bfd40 elementor-widget-divider--view-line elementor-widget elementor-widget-divider" data-id="99bfd40" data-element_type="widget" data-e-type="widget" data-widget_type="divider.default">
				<div class="elementor-widget-container">
							<div class="elementor-divider">
			<span class="elementor-divider-separator">
						</span>
		</div>
						</div>
				</div>
				<div class="elementor-element elementor-element-7658762 elementor-hidden-mobile elementor-widget elementor-widget-heading" data-id="7658762" data-element_type="widget" data-e-type="widget" data-widget_type="heading.default">
				<div class="elementor-widget-container">
					<h2 class="elementor-heading-title elementor-size-default">Global Meeting UIC Barcelona</h2>				</div>
				</div>
				<div class="elementor-element elementor-element-cec061f elementor-widget__width-auto elementor-hidden-widescreen elementor-hidden-desktop elementor-hidden-tablet elementor-widget elementor-widget-heading" data-id="cec061f" data-element_type="widget" data-e-type="widget" data-widget_type="heading.default">
				<div class="elementor-widget-container">
					<h2 class="elementor-heading-title elementor-size-default">Global <br>Meeting<br>UIC BCN</h2>				</div>
				</div>
				<div class="elementor-element elementor-element-ae966a8 elementor-widget elementor-widget-heading" data-id="ae966a8" data-element_type="widget" data-e-type="widget" data-widget_type="heading.default">
				<div class="elementor-widget-container">
					<h2 class="elementor-heading-title elementor-size-default">21 de junio. 19 h. Palau de la Música Catalana.</h2>				</div>
				</div>
				<div class="elementor-element elementor-element-6b5a33f elementor-widget elementor-widget-image" data-id="6b5a33f" data-element_type="widget" data-e-type="widget" data-widget_type="image.default">
				<div class="elementor-widget-container">
															<img fetchpriority="high" decoding="async" width="1024" height="372" src="https://25anys.uic.es/wp-content/uploads/2023/03/UICB-25-Global-Alumni-and-Partners-Meeting_Web_2200x800-1024x372.jpg" class="attachment-large size-large wp-image-6058" alt="Global Alumni and Partners Meeting" srcset="https://25anys.uic.es/wp-content/uploads/2023/03/UICB-25-Global-Alumni-and-Partners-Meeting_Web_2200x800-1024x372.jpg 1024w, https://25anys.uic.es/wp-content/uploads/2023/03/UICB-25-Global-Alumni-and-Partners-Meeting_Web_2200x800-300x109.jpg 300w, https://25anys.uic.es/wp-content/uploads/2023/03/UICB-25-Global-Alumni-and-Partners-Meeting_Web_2200x800-768x279.jpg 768w, https://25anys.uic.es/wp-content/uploads/2023/03/UICB-25-Global-Alumni-and-Partners-Meeting_Web_2200x800-1536x558.jpg 1536w, https://25anys.uic.es/wp-content/uploads/2023/03/UICB-25-Global-Alumni-and-Partners-Meeting_Web_2200x800-700x254.jpg 700w, https://25anys.uic.es/wp-content/uploads/2023/03/UICB-25-Global-Alumni-and-Partners-Meeting_Web_2200x800.jpg 1920w" sizes="(max-width: 1024px) 100vw, 1024px" />															</div>
				</div>
					</div>
		</div>
					</div>
		</section>
				<section class="elementor-section elementor-top-section elementor-element elementor-element-63efa6c elementor-section-boxed elementor-section-height-default elementor-section-height-default parallax_section_no qode_elementor_container_no" data-id="63efa6c" data-element_type="section" data-e-type="section">
						<div class="elementor-container elementor-column-gap-default">
					<div class="elementor-column elementor-col-100 elementor-top-column elementor-element elementor-element-3ea394e" data-id="3ea394e" data-element_type="column" data-e-type="column">
			<div class="elementor-widget-wrap elementor-element-populated">
						<div class="elementor-element elementor-element-bd7345c elementor-widget elementor-widget-spacer" data-id="bd7345c" data-element_type="widget" data-e-type="widget" data-widget_type="spacer.default">
				<div class="elementor-widget-container">
							<div class="elementor-spacer">
			<div class="elementor-spacer-inner"></div>
		</div>
						</div>
				</div>
				<div class="elementor-element elementor-element-fbc884f elementor-widget__width-initial elementor-widget elementor-widget-text-editor" data-id="fbc884f" data-element_type="widget" data-e-type="widget" data-widget_type="text-editor.default">
				<div class="elementor-widget-container">
									<p>Con motivo del 25.º aniversario de UIC Barcelona, se celebrará el <strong>Global Meeting UIC Barcelona</strong> el <strong>21 de junio a las 19 h</strong> en el <strong>Palau de la Música Catalana.</strong></p>
<p></p>
<p>Será <strong>un encuentro muy especial para celebrar estos 25 años</strong> con nuestros Antiguos Alumnos y Colaboradores, y con toda la Comunidad Universitaria.</p>
<p></p>
<p>Además, será un momento para compartir experiencias, generar nuevas conexiones y poner en común esos valores que hacen única nuestra comunidad.</p>
<p></p>
<h3>Programa</h3>
<p></p>
<p>Presenta el acto Ramon Pellicer.</p>
<p></p>
<h4>18 h &#8211; <strong>Acreditaciones</strong></h4>
<p></p>
<h4>18:45 h &#8211; <strong>Cierre de puertas</strong></h4>
<p></p>
<h4>19 h &#8211; <strong>Apertura del acto</strong></h4>
<ul>
<li>Actuaciones musicales becados Fundación Grupo Sifu</li>
<li>Sesión “La Inteligencia Artificial, nuevos retos de futuro”. <a style="color: #337ab7;" href="https://www.linkedin.com/in/ramonlopezdemantaras/">Ramón López de Mántaras</a>, pionero en inteligencia artificial en España, y <a style="color: #337ab7;" href="https://www.linkedin.com/in/n%C3%BAria-ram%C3%ADrez-navarro-a745443a/">Núria Ramírez</a>, presentadora de RTVE y Alumni de la promoción de 2006 de Periodismo de UIC Barcelona.</li>
<li>Premios Alumni y Reconocimientos 25 aniversario</li>
<li>Discurso institucional</li>
</ul>
<p><a href="https://corporate.uic.es/civicrm/event/register?reset=1&amp;id=5" data-cke-saved-href="https://corporate.uic.es/civicrm/event/register?reset=1&amp;id=5">Inscripciones para Alumni, partners y colaboradores</a></p>
<p></p>
<p><a href="https://corporate.uic.es/civicrm/event/register?reset=1&amp;id=8" data-cke-saved-href="https://corporate.uic.es/civicrm/event/register?reset=1&amp;id=8">Inscripciones para PAS, PDI y alumnos</a></p>
<p></p>
<p>Para más información escribir a <strong><a href="mailto:global25@uic.es" data-cke-saved-href="mailto:global25@uic.es">global25@uic.es</a></strong></p>								</div>
				</div>
					</div>
		</div>
					</div>
		</section>
				<section class="elementor-section elementor-top-section elementor-element elementor-element-53b35c6 elementor-section-boxed elementor-section-height-default elementor-section-height-default parallax_section_no qode_elementor_container_no" data-id="53b35c6" data-element_type="section" data-e-type="section">
						<div class="elementor-container elementor-column-gap-default">
					<div class="elementor-column elementor-col-100 elementor-top-column elementor-element elementor-element-4aefa1e" data-id="4aefa1e" data-element_type="column" data-e-type="column">
			<div class="elementor-widget-wrap elementor-element-populated">
						<div class="elementor-element elementor-element-f28ed50 elementor-widget elementor-widget-image" data-id="f28ed50" data-element_type="widget" data-e-type="widget" data-widget_type="image.default">
				<div class="elementor-widget-container">
															<img decoding="async" src="https://25anys.uic.es/wp-content/uploads/elementor/thumbs/UICB-25-Global-Meeting_faldo-de-logotips_CAST-qpzgspzv2q4ly9pgrfplo838ob0z0b7uoc9f0hnb6q.jpg" title="UICB-25 Global Meeting_faldó de logotips_CAST" alt="UICB-25 Global Meeting_faldó de logotips_CAST" loading="lazy" />															</div>
				</div>
					</div>
		</div>
					</div>
		</section>
				</div>

<p>Encuentro de antiguos alumnos y colaboradores Compartimos experiencias. Generamos conexiones. Transmitimos valores. Global Meeting UIC Barcelona Global MeetingUIC BCN 21 de junio. 19 h. Palau de la Música Catalana. Con motivo del 25.º aniversario de UIC Barcelona, se celebrará el Global Meeting UIC Barcelona el&#8230;</p>
